{"id":21570,"date":"2019-03-17T19:49:29","date_gmt":"2019-03-17T17:49:29","guid":{"rendered":"http:\/\/heikkihelin.fi\/WordPress3\/?page_id=21570"},"modified":"2019-03-17T19:59:41","modified_gmt":"2019-03-17T17:59:41","slug":"crows","status":"publish","type":"page","link":"https:\/\/heikkihelin.fi\/WordPress3\/?page_id=21570","title":{"rendered":"Crows"},"content":{"rendered":"<div class=\"ngg-albumoverview\">\n            <div class=\"ngg-album-compact\">\n            <div class=\"ngg-album-compactbox\">\n                <div class=\"ngg-album-link\">\n                                        <a title='Alpine chough - alppinaakka&lt;b&gt;*&lt;\/b&gt;'\n                       href='https:\/\/heikkihelin.fi\/WordPress3\/?page_id=21613'>\n                        <img class=\"Thumb\"\n                             alt=\"Alpine chough - alppinaakka&lt;b&gt;*&lt;\/b&gt;\"\n                             src=\"https:\/\/heikkihelin.fi\/WordPress3\/wp-content\/gallery\/alpine-chough\/cache\/1_M8A9457.jpg-nggid048054-ngg0dyn-120x91x100-00f0w010c010r110f110r010t010.jpg\"\/>\n                    <\/a>\n                                    <\/div>\n            <\/div>\n                        <h4>\n                <a class='ngg-album-desc' title='Alpine chough - alppinaakka&lt;b&gt;*&lt;\/b&gt;'\n                       href='https:\/\/heikkihelin.fi\/WordPress3\/?page_id=21613'style=\"max-width: 140px\">Alpine chough - alppinaakka<b>*<\/b><\/a>\n            <\/h4>\n            <p class=\"ngg-album-gallery-image-counter\">\n                                    <strong>3<\/strong>&nbsp;Photos                            <\/p>\n        <\/div>\n            <div class=\"ngg-album-compact\">\n            <div class=\"ngg-album-compactbox\">\n                <div class=\"ngg-album-link\">\n                                        <a title='Red-billed chough - alppivaris'\n                       href='https:\/\/heikkihelin.fi\/WordPress3\/?page_id=21774'>\n                        <img class=\"Thumb\"\n                             alt=\"Red-billed chough - alppivaris\"\n                             src=\"https:\/\/heikkihelin.fi\/WordPress3\/wp-content\/gallery\/red-billed-chough-1\/cache\/D7I1726Ed1.jpg-nggid045440-ngg0dyn-120x91x100-00f0w010c010r110f110r010t010.jpg\"\/>\n                    <\/a>\n                                    <\/div>\n            <\/div>\n                        <h4>\n                <a class='ngg-album-desc' title='Red-billed chough - alppivaris'\n                       href='https:\/\/heikkihelin.fi\/WordPress3\/?page_id=21774'style=\"max-width: 140px\">Red-billed chough - alppivaris<\/a>\n            <\/h4>\n            <p class=\"ngg-album-gallery-image-counter\">\n                                    <strong>6<\/strong>&nbsp;Photos                            <\/p>\n        <\/div>\n            <div class=\"ngg-album-compact\">\n            <div class=\"ngg-album-compactbox\">\n                <div class=\"ngg-album-link\">\n                                        <a title='Eurasian jay - n\u00e4rhi'\n                       href='https:\/\/heikkihelin.fi\/WordPress3\/?page_id=21702'>\n                        <img class=\"Thumb\"\n                             alt=\"Eurasian jay - n\u00e4rhi\"\n                             src=\"https:\/\/heikkihelin.fi\/WordPress3\/wp-content\/gallery\/eurasian-jay\/cache\/narhi0911b.jpg-nggid045413-ngg0dyn-120x91x100-00f0w010c010r110f110r010t010.jpg\"\/>\n                    <\/a>\n                                    <\/div>\n            <\/div>\n                        <h4>\n                <a class='ngg-album-desc' title='Eurasian jay - n\u00e4rhi'\n                       href='https:\/\/heikkihelin.fi\/WordPress3\/?page_id=21702'style=\"max-width: 140px\">Eurasian jay - n\u00e4rhi<\/a>\n            <\/h4>\n            <p class=\"ngg-album-gallery-image-counter\">\n                                    <strong>11<\/strong>&nbsp;Photos                            <\/p>\n        <\/div>\n            <div class=\"ngg-album-compact\">\n            <div class=\"ngg-album-compactbox\">\n                <div class=\"ngg-album-link\">\n                                        <a title='Spotted nutcracker - p\u00e4hkin\u00e4hakki'\n                       href='https:\/\/heikkihelin.fi\/WordPress3\/?page_id=21817'>\n                        <img class=\"Thumb\"\n                             alt=\"Spotted nutcracker - p\u00e4hkin\u00e4hakki\"\n                             src=\"https:\/\/heikkihelin.fi\/WordPress3\/wp-content\/gallery\/spotted-nutcracker\/cache\/M8A0724a-copy.jpg-nggid047193-ngg0dyn-120x91x100-00f0w010c010r110f110r010t010.jpg\"\/>\n                    <\/a>\n                                    <\/div>\n            <\/div>\n                        <h4>\n                <a class='ngg-album-desc' title='Spotted nutcracker - p\u00e4hkin\u00e4hakki'\n                       href='https:\/\/heikkihelin.fi\/WordPress3\/?page_id=21817'style=\"max-width: 140px\">Spotted nutcracker - p\u00e4hkin\u00e4hakki<\/a>\n            <\/h4>\n            <p class=\"ngg-album-gallery-image-counter\">\n                                    <strong>5<\/strong>&nbsp;Photos                            <\/p>\n        <\/div>\n            <div class=\"ngg-album-compact\">\n            <div class=\"ngg-album-compactbox\">\n                <div class=\"ngg-album-link\">\n                                        <a title='Clark&#039;s nutcracker - amerikanhakki'\n                       href='https:\/\/heikkihelin.fi\/WordPress3\/?page_id=24016'>\n                        <img class=\"Thumb\"\n                             alt=\"Clark&#039;s nutcracker - amerikanhakki\"\n                             src=\"https:\/\/heikkihelin.fi\/WordPress3\/wp-content\/gallery\/clarks-nutcracker-amerikanhakki\/cache\/clarksnutcracker0908.jpg-nggid045396-ngg0dyn-120x91x100-00f0w010c010r110f110r010t010.jpg\"\/>\n                    <\/a>\n                                    <\/div>\n            <\/div>\n                        <h4>\n                <a class='ngg-album-desc' title='Clark&#039;s nutcracker - amerikanhakki'\n                       href='https:\/\/heikkihelin.fi\/WordPress3\/?page_id=24016'style=\"max-width: 140px\">Clark's nutcracker - amerikanhakki<\/a>\n            <\/h4>\n            <p class=\"ngg-album-gallery-image-counter\">\n                                    <strong>4<\/strong>&nbsp;Photos                            <\/p>\n        <\/div>\n            <div class=\"ngg-album-compact\">\n            <div class=\"ngg-album-compactbox\">\n                <div class=\"ngg-album-link\">\n                                        <a title='Common magpie - harakka'\n                       href='https:\/\/heikkihelin.fi\/WordPress3\/?page_id=21677'>\n                        <img class=\"Thumb\"\n                             alt=\"Common magpie - harakka\"\n                             src=\"https:\/\/heikkihelin.fi\/WordPress3\/wp-content\/gallery\/common-magpie\/cache\/A74X9007.jpg-nggid045400-ngg0dyn-120x91x100-00f0w010c010r110f110r010t010.jpg\"\/>\n                    <\/a>\n                                    <\/div>\n            <\/div>\n                        <h4>\n                <a class='ngg-album-desc' title='Common magpie - harakka'\n                       href='https:\/\/heikkihelin.fi\/WordPress3\/?page_id=21677'style=\"max-width: 140px\">Common magpie - harakka<\/a>\n            <\/h4>\n            <p class=\"ngg-album-gallery-image-counter\">\n                                    <strong>5<\/strong>&nbsp;Photos                            <\/p>\n        <\/div>\n            <div class=\"ngg-album-compact\">\n            <div class=\"ngg-album-compactbox\">\n                <div class=\"ngg-album-link\">\n                                        <a title='Azure-winged magpie - siniharakka'\n                       href='https:\/\/heikkihelin.fi\/WordPress3\/?page_id=21632'>\n                        <img class=\"Thumb\"\n                             alt=\"Azure-winged magpie - siniharakka\"\n                             src=\"https:\/\/heikkihelin.fi\/WordPress3\/wp-content\/gallery\/azure-winged-magpie\/cache\/A74X7264.jpg-nggid045387-ngg0dyn-120x91x100-00f0w010c010r110f110r010t010.jpg\"\/>\n                    <\/a>\n                                    <\/div>\n            <\/div>\n                        <h4>\n                <a class='ngg-album-desc' title='Azure-winged magpie - siniharakka'\n                       href='https:\/\/heikkihelin.fi\/WordPress3\/?page_id=21632'style=\"max-width: 140px\">Azure-winged magpie - siniharakka<\/a>\n            <\/h4>\n            <p class=\"ngg-album-gallery-image-counter\">\n                                    <strong>8<\/strong>&nbsp;Photos                            <\/p>\n        <\/div>\n            <div class=\"ngg-album-compact\">\n            <div class=\"ngg-album-compactbox\">\n                <div class=\"ngg-album-link\">\n                                        <a title='House crow - intianvaris'\n                       href='https:\/\/heikkihelin.fi\/WordPress3\/?page_id=21846'>\n                        <img class=\"Thumb\"\n                             alt=\"House crow - intianvaris\"\n                             src=\"https:\/\/heikkihelin.fi\/WordPress3\/wp-content\/gallery\/house-crow\/cache\/A74X0677.jpg-nggid045421-ngg0dyn-120x91x100-00f0w010c010r110f110r010t010.jpg\"\/>\n                    <\/a>\n                                    <\/div>\n            <\/div>\n                        <h4>\n                <a class='ngg-album-desc' title='House crow - intianvaris'\n                       href='https:\/\/heikkihelin.fi\/WordPress3\/?page_id=21846'style=\"max-width: 140px\">House crow - intianvaris<\/a>\n            <\/h4>\n            <p class=\"ngg-album-gallery-image-counter\">\n                                    <strong>2<\/strong>&nbsp;Photos                            <\/p>\n        <\/div>\n            <div class=\"ngg-album-compact\">\n            <div class=\"ngg-album-compactbox\">\n                <div class=\"ngg-album-link\">\n                                        <a title='Hooded crow - varis'\n                       href='https:\/\/heikkihelin.fi\/WordPress3\/?page_id=21722'>\n                        <img class=\"Thumb\"\n                             alt=\"Hooded crow - varis\"\n                             src=\"https:\/\/heikkihelin.fi\/WordPress3\/wp-content\/gallery\/hooded-crow\/cache\/D7I3239Ed1.jpg-nggid045417-ngg0dyn-120x91x100-00f0w010c010r110f110r010t010.jpg\"\/>\n                    <\/a>\n                                    <\/div>\n            <\/div>\n                        <h4>\n                <a class='ngg-album-desc' title='Hooded crow - varis'\n                       href='https:\/\/heikkihelin.fi\/WordPress3\/?page_id=21722'style=\"max-width: 140px\">Hooded crow - varis<\/a>\n            <\/h4>\n            <p class=\"ngg-album-gallery-image-counter\">\n                                    <strong>5<\/strong>&nbsp;Photos                            <\/p>\n        <\/div>\n            <div class=\"ngg-album-compact\">\n            <div class=\"ngg-album-compactbox\">\n                <div class=\"ngg-album-link\">\n                                        <a title='Carrion crow - nokivaris'\n                       href='https:\/\/heikkihelin.fi\/WordPress3\/?page_id=21655'>\n                        <img class=\"Thumb\"\n                             alt=\"Carrion crow - nokivaris\"\n                             src=\"https:\/\/heikkihelin.fi\/WordPress3\/wp-content\/gallery\/carrion-crow\/cache\/F34A0935.jpg-nggid045393-ngg0dyn-120x91x100-00f0w010c010r110f110r010t010.jpg\"\/>\n                    <\/a>\n                                    <\/div>\n            <\/div>\n                        <h4>\n                <a class='ngg-album-desc' title='Carrion crow - nokivaris'\n                       href='https:\/\/heikkihelin.fi\/WordPress3\/?page_id=21655'style=\"max-width: 140px\">Carrion crow - nokivaris<\/a>\n            <\/h4>\n            <p class=\"ngg-album-gallery-image-counter\">\n                                    <strong>2<\/strong>&nbsp;Photos                            <\/p>\n        <\/div>\n            <div class=\"ngg-album-compact\">\n            <div class=\"ngg-album-compactbox\">\n                <div class=\"ngg-album-link\">\n                                        <a title='Rook - mustavaris'\n                       href='https:\/\/heikkihelin.fi\/WordPress3\/?page_id=21785'>\n                        <img class=\"Thumb\"\n                             alt=\"Rook - mustavaris\"\n                             src=\"https:\/\/heikkihelin.fi\/WordPress3\/wp-content\/gallery\/rook\/cache\/mustavaris0505c.jpg-nggid045444-ngg0dyn-120x91x100-00f0w010c010r110f110r010t010.jpg\"\/>\n                    <\/a>\n                                    <\/div>\n            <\/div>\n                        <h4>\n                <a class='ngg-album-desc' title='Rook - mustavaris'\n                       href='https:\/\/heikkihelin.fi\/WordPress3\/?page_id=21785'style=\"max-width: 140px\">Rook - mustavaris<\/a>\n            <\/h4>\n            <p class=\"ngg-album-gallery-image-counter\">\n                                    <strong>5<\/strong>&nbsp;Photos                            <\/p>\n        <\/div>\n            <div class=\"ngg-album-compact\">\n            <div class=\"ngg-album-compactbox\">\n                <div class=\"ngg-album-link\">\n                                        <a title='Jackdaw - naakka'\n                       href='https:\/\/heikkihelin.fi\/WordPress3\/?page_id=21742'>\n                        <img class=\"Thumb\"\n                             alt=\"Jackdaw - naakka\"\n                             src=\"https:\/\/heikkihelin.fi\/WordPress3\/wp-content\/gallery\/jackdaw\/cache\/4I6A2478.jpg-nggid045425-ngg0dyn-120x91x100-00f0w010c010r110f110r010t010.jpg\"\/>\n                    <\/a>\n                                    <\/div>\n            <\/div>\n                        <h4>\n                <a class='ngg-album-desc' title='Jackdaw - naakka'\n                       href='https:\/\/heikkihelin.fi\/WordPress3\/?page_id=21742'style=\"max-width: 140px\">Jackdaw - naakka<\/a>\n            <\/h4>\n            <p class=\"ngg-album-gallery-image-counter\">\n                                    <strong>5<\/strong>&nbsp;Photos                            <\/p>\n        <\/div>\n            <div class=\"ngg-album-compact\">\n            <div class=\"ngg-album-compactbox\">\n                <div class=\"ngg-album-link\">\n                                        <a title='Brown-necked raven - arokorppi'\n                       href='https:\/\/heikkihelin.fi\/WordPress3\/?page_id=21648'>\n                        <img class=\"Thumb\"\n                             alt=\"Brown-necked raven - arokorppi\"\n                             src=\"https:\/\/heikkihelin.fi\/WordPress3\/wp-content\/gallery\/brown-necked-raven\/cache\/edA74X0077.jpg-nggid045392-ngg0dyn-120x91x100-00f0w010c010r110f110r010t010.jpg\"\/>\n                    <\/a>\n                                    <\/div>\n            <\/div>\n                        <h4>\n                <a class='ngg-album-desc' title='Brown-necked raven - arokorppi'\n                       href='https:\/\/heikkihelin.fi\/WordPress3\/?page_id=21648'style=\"max-width: 140px\">Brown-necked raven - arokorppi<\/a>\n            <\/h4>\n            <p class=\"ngg-album-gallery-image-counter\">\n                                    <strong>1<\/strong>&nbsp;Photos                            <\/p>\n        <\/div>\n            <div class=\"ngg-album-compact\">\n            <div class=\"ngg-album-compactbox\">\n                <div class=\"ngg-album-link\">\n                                        <a title='Northern raven - korppi'\n                       href='https:\/\/heikkihelin.fi\/WordPress3\/?page_id=21759'>\n                        <img class=\"Thumb\"\n                             alt=\"Northern raven - korppi\"\n                             src=\"https:\/\/heikkihelin.fi\/WordPress3\/wp-content\/gallery\/northern-raven\/cache\/A74X1993.jpg-nggid045434-ngg0dyn-120x91x100-00f0w010c010r110f110r010t010.jpg\"\/>\n                    <\/a>\n                                    <\/div>\n            <\/div>\n                        <h4>\n                <a class='ngg-album-desc' title='Northern raven - korppi'\n                       href='https:\/\/heikkihelin.fi\/WordPress3\/?page_id=21759'style=\"max-width: 140px\">Northern raven - korppi<\/a>\n            <\/h4>\n            <p class=\"ngg-album-gallery-image-counter\">\n                                    <strong>9<\/strong>&nbsp;Photos                            <\/p>\n        <\/div>\n            <div class=\"ngg-album-compact\">\n            <div class=\"ngg-album-compactbox\">\n                <div class=\"ngg-album-link\">\n                                        <a title='American crow - amerikanvaris'\n                       href='https:\/\/heikkihelin.fi\/WordPress3\/?page_id=21824'>\n                        <img class=\"Thumb\"\n                             alt=\"American crow - amerikanvaris\"\n                             src=\"https:\/\/heikkihelin.fi\/WordPress3\/wp-content\/gallery\/american-crow\/cache\/4I6A8205.jpg-nggid045458-ngg0dyn-120x91x100-00f0w010c010r110f110r010t010.jpg\"\/>\n                    <\/a>\n                                    <\/div>\n            <\/div>\n                        <h4>\n                <a class='ngg-album-desc' title='American crow - amerikanvaris'\n                       href='https:\/\/heikkihelin.fi\/WordPress3\/?page_id=21824'style=\"max-width: 140px\">American crow - amerikanvaris<\/a>\n            <\/h4>\n            <p class=\"ngg-album-gallery-image-counter\">\n                                    <strong>2<\/strong>&nbsp;Photos                            <\/p>\n        <\/div>\n            <div class=\"ngg-album-compact\">\n            <div class=\"ngg-album-compactbox\">\n                <div class=\"ngg-album-link\">\n                                        <a title='Gray jay - harmaakuukkeli'\n                       href='https:\/\/heikkihelin.fi\/WordPress3\/?page_id=21709'>\n                        <img class=\"Thumb\"\n                             alt=\"Gray jay - harmaakuukkeli\"\n                             src=\"https:\/\/heikkihelin.fi\/WordPress3\/wp-content\/gallery\/gray-jay\/cache\/harmaakuukkeli0908b.jpg-nggid045414-ngg0dyn-120x91x100-00f0w010c010r110f110r010t010.jpg\"\/>\n                    <\/a>\n                                    <\/div>\n            <\/div>\n                        <h4>\n                <a class='ngg-album-desc' title='Gray jay - harmaakuukkeli'\n                       href='https:\/\/heikkihelin.fi\/WordPress3\/?page_id=21709'style=\"max-width: 140px\">Gray jay - harmaakuukkeli<\/a>\n            <\/h4>\n            <p class=\"ngg-album-gallery-image-counter\">\n                                    <strong>2<\/strong>&nbsp;Photos                            <\/p>\n        <\/div>\n            <div class=\"ngg-album-compact\">\n            <div class=\"ngg-album-compactbox\">\n                <div class=\"ngg-album-link\">\n                                        <a title='Siberian jay - kuukkeli'\n                       href='https:\/\/heikkihelin.fi\/WordPress3\/?page_id=21806'>\n                        <img class=\"Thumb\"\n                             alt=\"Siberian jay - kuukkeli\"\n                             src=\"https:\/\/heikkihelin.fi\/WordPress3\/wp-content\/gallery\/siberian-jay\/cache\/0H0A4468.jpg-nggid045445-ngg0dyn-120x91x100-00f0w010c010r110f110r010t010.jpg\"\/>\n                    <\/a>\n                                    <\/div>\n            <\/div>\n                        <h4>\n                <a class='ngg-album-desc' title='Siberian jay - kuukkeli'\n                       href='https:\/\/heikkihelin.fi\/WordPress3\/?page_id=21806'style=\"max-width: 140px\">Siberian jay - kuukkeli<\/a>\n            <\/h4>\n            <p class=\"ngg-album-gallery-image-counter\">\n                                    <strong>13<\/strong>&nbsp;Photos                            <\/p>\n        <\/div>\n            <div class=\"ngg-album-compact\">\n            <div class=\"ngg-album-compactbox\">\n                <div class=\"ngg-album-link\">\n                                        <a title='Blue jay - sinit\u00f6yht\u00f6n\u00e4rhi'\n                       href='https:\/\/heikkihelin.fi\/WordPress3\/?page_id=21643'>\n                        <img class=\"Thumb\"\n                             alt=\"Blue jay - sinit\u00f6yht\u00f6n\u00e4rhi\"\n                             src=\"https:\/\/heikkihelin.fi\/WordPress3\/wp-content\/gallery\/blue-jay\/cache\/A74X0992.jpg-nggid045388-ngg0dyn-120x91x100-00f0w010c010r110f110r010t010.jpg\"\/>\n                    <\/a>\n                                    <\/div>\n            <\/div>\n                        <h4>\n                <a class='ngg-album-desc' title='Blue jay - sinit\u00f6yht\u00f6n\u00e4rhi'\n                       href='https:\/\/heikkihelin.fi\/WordPress3\/?page_id=21643'style=\"max-width: 140px\">Blue jay - sinit\u00f6yht\u00f6n\u00e4rhi<\/a>\n            <\/h4>\n            <p class=\"ngg-album-gallery-image-counter\">\n                                    <strong>4<\/strong>&nbsp;Photos                            <\/p>\n        <\/div>\n        <br class=\"ngg-clear\"\/>\n    <div class='ngg-clear'><\/div><\/div>\n\n","protected":false},"excerpt":{"rendered":"","protected":false},"author":1,"featured_media":0,"parent":156,"menu_order":0,"comment_status":"closed","ping_status":"closed","template":"","meta":{"ngg_post_thumbnail":0,"footnotes":"","_links_to":"","_links_to_target":""},"_links":{"self":[{"href":"https:\/\/heikkihelin.fi\/WordPress3\/index.php?rest_route=\/wp\/v2\/pages\/21570"}],"collection":[{"href":"https:\/\/heikkihelin.fi\/WordPress3\/index.php?rest_route=\/wp\/v2\/pages"}],"about":[{"href":"https:\/\/heikkihelin.fi\/WordPress3\/index.php?rest_route=\/wp\/v2\/types\/page"}],"author":[{"embeddable":true,"href":"https:\/\/heikkihelin.fi\/WordPress3\/index.php?rest_route=\/wp\/v2\/users\/1"}],"replies":[{"embeddable":true,"href":"https:\/\/heikkihelin.fi\/WordPress3\/index.php?rest_route=%2Fwp%2Fv2%2Fcomments&post=21570"}],"version-history":[{"count":3,"href":"https:\/\/heikkihelin.fi\/WordPress3\/index.php?rest_route=\/wp\/v2\/pages\/21570\/revisions"}],"predecessor-version":[{"id":21575,"href":"https:\/\/heikkihelin.fi\/WordPress3\/index.php?rest_route=\/wp\/v2\/pages\/21570\/revisions\/21575"}],"up":[{"embeddable":true,"href":"https:\/\/heikkihelin.fi\/WordPress3\/index.php?rest_route=\/wp\/v2\/pages\/156"}],"wp:attachment":[{"href":"https:\/\/heikkihelin.fi\/WordPress3\/index.php?rest_route=%2Fwp%2Fv2%2Fmedia&parent=21570"}],"curies":[{"name":"wp","href":"https:\/\/api.w.org\/{rel}","templated":true}]}}