{"id":22730,"date":"2019-08-26T12:44:41","date_gmt":"2019-08-26T09:44:41","guid":{"rendered":"https:\/\/heikkihelin.fi\/WordPress3\/?page_id=22730"},"modified":"2019-08-26T12:44:41","modified_gmt":"2019-08-26T09:44:41","slug":"house-martin-raystaspaasky","status":"publish","type":"page","link":"https:\/\/heikkihelin.fi\/WordPress3\/?page_id=22730","title":{"rendered":"House martin &#8211; r\u00e4yst\u00e4sp\u00e4\u00e4sky"},"content":{"rendered":"<!-- index.php -->\n<div\n\tclass=\"ngg-galleryoverview ngg-ajax-pagination-none\"\n\tid=\"ngg-gallery-f1414d1c7f991c5d5bc922b91811e1e6-1\">\n\n    \t\t<!-- Thumbnails -->\n\t\t\t\t<div id=\"ngg-image-0\" class=\"ngg-gallery-thumbnail-box\" >\n\t\t\t\t        <div class=\"ngg-gallery-thumbnail\">\n            <a href=\"https:\/\/heikkihelin.fi\/WordPress3\/wp-content\/gallery\/house-martin-raystaspaasky\/M8A5289.jpg\"\n               title=\"House martin - r\u00e4yst\u00e4sp\u00e4\u00e4sky . Delichon urbica\"\n               data-src=\"https:\/\/heikkihelin.fi\/WordPress3\/wp-content\/gallery\/house-martin-raystaspaasky\/M8A5289.jpg\"\n               data-thumbnail=\"https:\/\/heikkihelin.fi\/WordPress3\/wp-content\/gallery\/house-martin-raystaspaasky\/thumbs\/thumbs_M8A5289.jpg\"\n               data-image-id=\"7605\"\n               data-title=\"M8A5289\"\n               data-description=\"House martin - r\u00e4yst\u00e4sp\u00e4\u00e4sky . Delichon urbica\"\n               data-image-slug=\"m8a5289\"\n               class='use_imagebrowser_effect' data-imagebrowser-url='https:\/\/heikkihelin.fi\/WordPress3\/index.php\/nggallery\/image\/%STUB%?page_id=22730'>\n                <img\n                    title=\"M8A5289\"\n                    alt=\"M8A5289\"\n                    src=\"https:\/\/heikkihelin.fi\/WordPress3\/wp-content\/gallery\/house-martin-raystaspaasky\/thumbs\/thumbs_M8A5289.jpg\"\n                    width=\"91\"\n                    height=\"68\"\n                    style=\"max-width:100%;\"\n                \/>\n            <\/a>\n        <\/div>\n\t\t\t\t\t\t\t<\/div> \n\t\t\t\n        \n\t\t\t\t<div id=\"ngg-image-1\" class=\"ngg-gallery-thumbnail-box\" >\n\t\t\t\t        <div class=\"ngg-gallery-thumbnail\">\n            <a href=\"https:\/\/heikkihelin.fi\/WordPress3\/wp-content\/gallery\/house-martin-raystaspaasky\/M8A5172.jpg\"\n               title=\"House martin - r\u00e4yst\u00e4sp\u00e4\u00e4sky . Delichon urbica\"\n               data-src=\"https:\/\/heikkihelin.fi\/WordPress3\/wp-content\/gallery\/house-martin-raystaspaasky\/M8A5172.jpg\"\n               data-thumbnail=\"https:\/\/heikkihelin.fi\/WordPress3\/wp-content\/gallery\/house-martin-raystaspaasky\/thumbs\/thumbs_M8A5172.jpg\"\n               data-image-id=\"7606\"\n               data-title=\"M8A5172\"\n               data-description=\"House martin - r\u00e4yst\u00e4sp\u00e4\u00e4sky . Delichon urbica\"\n               data-image-slug=\"m8a5172-1\"\n               class='use_imagebrowser_effect' data-imagebrowser-url='https:\/\/heikkihelin.fi\/WordPress3\/index.php\/nggallery\/image\/%STUB%?page_id=22730'>\n                <img\n                    title=\"M8A5172\"\n                    alt=\"M8A5172\"\n                    src=\"https:\/\/heikkihelin.fi\/WordPress3\/wp-content\/gallery\/house-martin-raystaspaasky\/thumbs\/thumbs_M8A5172.jpg\"\n                    width=\"91\"\n                    height=\"69\"\n                    style=\"max-width:100%;\"\n                \/>\n            <\/a>\n        <\/div>\n\t\t\t\t\t\t\t<\/div> \n\t\t\t\n        \n\t\t\t\t<div id=\"ngg-image-2\" class=\"ngg-gallery-thumbnail-box\" >\n\t\t\t\t        <div class=\"ngg-gallery-thumbnail\">\n            <a href=\"https:\/\/heikkihelin.fi\/WordPress3\/wp-content\/gallery\/house-martin-raystaspaasky\/IMG_5775.jpg\"\n               title=\"House martin - r\u00e4yst\u00e4sp\u00e4\u00e4sky . Delichon urbica\"\n               data-src=\"https:\/\/heikkihelin.fi\/WordPress3\/wp-content\/gallery\/house-martin-raystaspaasky\/IMG_5775.jpg\"\n               data-thumbnail=\"https:\/\/heikkihelin.fi\/WordPress3\/wp-content\/gallery\/house-martin-raystaspaasky\/thumbs\/thumbs_IMG_5775.jpg\"\n               data-image-id=\"5803\"\n               data-title=\"IMG_5775\"\n               data-description=\"House martin - r\u00e4yst\u00e4sp\u00e4\u00e4sky . Delichon urbica\"\n               data-image-slug=\"img_5775\"\n               class='use_imagebrowser_effect' data-imagebrowser-url='https:\/\/heikkihelin.fi\/WordPress3\/index.php\/nggallery\/image\/%STUB%?page_id=22730'>\n                <img\n                    title=\"IMG_5775\"\n                    alt=\"IMG_5775\"\n                    src=\"https:\/\/heikkihelin.fi\/WordPress3\/wp-content\/gallery\/house-martin-raystaspaasky\/thumbs\/thumbs_IMG_5775.jpg\"\n                    width=\"120\"\n                    height=\"91\"\n                    style=\"max-width:100%;\"\n                \/>\n            <\/a>\n        <\/div>\n\t\t\t\t\t\t\t<\/div> \n\t\t\t\n        \n\t\t\t\t<div id=\"ngg-image-3\" class=\"ngg-gallery-thumbnail-box\" >\n\t\t\t\t        <div class=\"ngg-gallery-thumbnail\">\n            <a href=\"https:\/\/heikkihelin.fi\/WordPress3\/wp-content\/gallery\/house-martin-raystaspaasky\/raystaspaasky0904b.jpg\"\n               title=\"House martin - r\u00e4yst\u00e4sp\u00e4\u00e4sky . Delichon urbica\"\n               data-src=\"https:\/\/heikkihelin.fi\/WordPress3\/wp-content\/gallery\/house-martin-raystaspaasky\/raystaspaasky0904b.jpg\"\n               data-thumbnail=\"https:\/\/heikkihelin.fi\/WordPress3\/wp-content\/gallery\/house-martin-raystaspaasky\/thumbs\/thumbs_raystaspaasky0904b.jpg\"\n               data-image-id=\"5802\"\n               data-title=\"raystaspaasky0904b\"\n               data-description=\"House martin - r\u00e4yst\u00e4sp\u00e4\u00e4sky . Delichon urbica\"\n               data-image-slug=\"raystaspaasky0904b\"\n               class='use_imagebrowser_effect' data-imagebrowser-url='https:\/\/heikkihelin.fi\/WordPress3\/index.php\/nggallery\/image\/%STUB%?page_id=22730'>\n                <img\n                    title=\"raystaspaasky0904b\"\n                    alt=\"raystaspaasky0904b\"\n                    src=\"https:\/\/heikkihelin.fi\/WordPress3\/wp-content\/gallery\/house-martin-raystaspaasky\/thumbs\/thumbs_raystaspaasky0904b.jpg\"\n                    width=\"120\"\n                    height=\"91\"\n                    style=\"max-width:100%;\"\n                \/>\n            <\/a>\n        <\/div>\n\t\t\t\t\t\t\t<\/div> \n\t\t\t\n        \n\t\t\t\t<div id=\"ngg-image-4\" class=\"ngg-gallery-thumbnail-box\" >\n\t\t\t\t        <div class=\"ngg-gallery-thumbnail\">\n            <a href=\"https:\/\/heikkihelin.fi\/WordPress3\/wp-content\/gallery\/house-martin-raystaspaasky\/raystaspaasky0904a.jpg\"\n               title=\"House martin - r\u00e4yst\u00e4sp\u00e4\u00e4sky . Delichon urbica\"\n               data-src=\"https:\/\/heikkihelin.fi\/WordPress3\/wp-content\/gallery\/house-martin-raystaspaasky\/raystaspaasky0904a.jpg\"\n               data-thumbnail=\"https:\/\/heikkihelin.fi\/WordPress3\/wp-content\/gallery\/house-martin-raystaspaasky\/thumbs\/thumbs_raystaspaasky0904a.jpg\"\n               data-image-id=\"5804\"\n               data-title=\"raystaspaasky0904a\"\n               data-description=\"House martin - r\u00e4yst\u00e4sp\u00e4\u00e4sky . Delichon urbica\"\n               data-image-slug=\"raystaspaasky0904a\"\n               class='use_imagebrowser_effect' data-imagebrowser-url='https:\/\/heikkihelin.fi\/WordPress3\/index.php\/nggallery\/image\/%STUB%?page_id=22730'>\n                <img\n                    title=\"raystaspaasky0904a\"\n                    alt=\"raystaspaasky0904a\"\n                    src=\"https:\/\/heikkihelin.fi\/WordPress3\/wp-content\/gallery\/house-martin-raystaspaasky\/thumbs\/thumbs_raystaspaasky0904a.jpg\"\n                    width=\"120\"\n                    height=\"91\"\n                    style=\"max-width:100%;\"\n                \/>\n            <\/a>\n        <\/div>\n\t\t\t\t\t\t\t<\/div> \n\t\t\t\n        \n\t\t\n\t\t<div class=\"ngg-clear\"><\/div>\n\t<\/div>\n\n","protected":false},"excerpt":{"rendered":"","protected":false},"author":1,"featured_media":0,"parent":22691,"menu_order":0,"comment_status":"closed","ping_status":"closed","template":"","meta":{"ngg_post_thumbnail":0,"footnotes":"","_links_to":"","_links_to_target":""},"_links":{"self":[{"href":"https:\/\/heikkihelin.fi\/WordPress3\/index.php?rest_route=\/wp\/v2\/pages\/22730"}],"collection":[{"href":"https:\/\/heikkihelin.fi\/WordPress3\/index.php?rest_route=\/wp\/v2\/pages"}],"about":[{"href":"https:\/\/heikkihelin.fi\/WordPress3\/index.php?rest_route=\/wp\/v2\/types\/page"}],"author":[{"embeddable":true,"href":"https:\/\/heikkihelin.fi\/WordPress3\/index.php?rest_route=\/wp\/v2\/users\/1"}],"replies":[{"embeddable":true,"href":"https:\/\/heikkihelin.fi\/WordPress3\/index.php?rest_route=%2Fwp%2Fv2%2Fcomments&post=22730"}],"version-history":[{"count":0,"href":"https:\/\/heikkihelin.fi\/WordPress3\/index.php?rest_route=\/wp\/v2\/pages\/22730\/revisions"}],"up":[{"embeddable":true,"href":"https:\/\/heikkihelin.fi\/WordPress3\/index.php?rest_route=\/wp\/v2\/pages\/22691"}],"wp:attachment":[{"href":"https:\/\/heikkihelin.fi\/WordPress3\/index.php?rest_route=%2Fwp%2Fv2%2Fmedia&parent=22730"}],"curies":[{"name":"wp","href":"https:\/\/api.w.org\/{rel}","templated":true}]}}