{"id":26859,"date":"2026-03-01T21:28:14","date_gmt":"2026-03-01T19:28:14","guid":{"rendered":"https:\/\/heikkihelin.fi\/WordPress3\/?page_id=26859"},"modified":"2026-03-01T21:29:31","modified_gmt":"2026-03-01T19:29:31","slug":"most-recent-january-to-february-2026","status":"publish","type":"page","link":"https:\/\/heikkihelin.fi\/WordPress3\/?page_id=26859","title":{"rendered":"Most recent January to February 2026"},"content":{"rendered":"<!-- index.php -->\n<div\n\tclass=\"ngg-galleryoverview ngg-ajax-pagination-none\"\n\tid=\"ngg-gallery-c634498bec78c2e382d772cdf39ea2e8-1\">\n\n    \t\t<!-- Thumbnails -->\n\t\t\t\t<div id=\"ngg-image-0\" class=\"ngg-gallery-thumbnail-box\" >\n\t\t\t\t        <div class=\"ngg-gallery-thumbnail\">\n            <a href=\"https:\/\/heikkihelin.fi\/WordPress3\/wp-content\/gallery\/most-recent-january-to-february-2026\/DSC_9729-copy.jpg\"\n               title=\"Foggy morning in Helsinki\"\n               data-src=\"https:\/\/heikkihelin.fi\/WordPress3\/wp-content\/gallery\/most-recent-january-to-february-2026\/DSC_9729-copy.jpg\"\n               data-thumbnail=\"https:\/\/heikkihelin.fi\/WordPress3\/wp-content\/gallery\/most-recent-january-to-february-2026\/thumbs\/thumbs_DSC_9729-copy.jpg\"\n               data-image-id=\"8712\"\n               data-title=\"DSC_9729-copy\"\n               data-description=\"Foggy morning in Helsinki\"\n               data-image-slug=\"dsc_9729-copy\"\n               class='use_imagebrowser_effect' data-imagebrowser-url='https:\/\/heikkihelin.fi\/WordPress3\/index.php\/nggallery\/image\/%STUB%?page_id=26859'>\n                <img\n                    title=\"DSC_9729-copy\"\n                    alt=\"DSC_9729-copy\"\n                    src=\"https:\/\/heikkihelin.fi\/WordPress3\/wp-content\/gallery\/most-recent-january-to-february-2026\/thumbs\/thumbs_DSC_9729-copy.jpg\"\n                    width=\"91\"\n                    height=\"46\"\n                    style=\"max-width:100%;\"\n                \/>\n            <\/a>\n        <\/div>\n\t\t\t\t\t\t\t<\/div> \n\t\t\t\n        \n\t\t\t\t<div id=\"ngg-image-1\" class=\"ngg-gallery-thumbnail-box\" >\n\t\t\t\t        <div class=\"ngg-gallery-thumbnail\">\n            <a href=\"https:\/\/heikkihelin.fi\/WordPress3\/wp-content\/gallery\/most-recent-january-to-february-2026\/DSC_9950-copy2.jpg\"\n               title=\"Foggy morning in Helsinki\"\n               data-src=\"https:\/\/heikkihelin.fi\/WordPress3\/wp-content\/gallery\/most-recent-january-to-february-2026\/DSC_9950-copy2.jpg\"\n               data-thumbnail=\"https:\/\/heikkihelin.fi\/WordPress3\/wp-content\/gallery\/most-recent-january-to-february-2026\/thumbs\/thumbs_DSC_9950-copy2.jpg\"\n               data-image-id=\"8714\"\n               data-title=\"DSC_9950-copy2\"\n               data-description=\"Foggy morning in Helsinki\"\n               data-image-slug=\"dsc_9950-copy2\"\n               class='use_imagebrowser_effect' data-imagebrowser-url='https:\/\/heikkihelin.fi\/WordPress3\/index.php\/nggallery\/image\/%STUB%?page_id=26859'>\n                <img\n                    title=\"DSC_9950-copy2\"\n                    alt=\"DSC_9950-copy2\"\n                    src=\"https:\/\/heikkihelin.fi\/WordPress3\/wp-content\/gallery\/most-recent-january-to-february-2026\/thumbs\/thumbs_DSC_9950-copy2.jpg\"\n                    width=\"91\"\n                    height=\"62\"\n                    style=\"max-width:100%;\"\n                \/>\n            <\/a>\n        <\/div>\n\t\t\t\t\t\t\t<\/div> \n\t\t\t\n        \n\t\t\t\t<div id=\"ngg-image-2\" class=\"ngg-gallery-thumbnail-box\" >\n\t\t\t\t        <div class=\"ngg-gallery-thumbnail\">\n            <a href=\"https:\/\/heikkihelin.fi\/WordPress3\/wp-content\/gallery\/most-recent-january-to-february-2026\/Z8A7538-copy1-copy.jpg\"\n               title=\"Smew - uivelo - Mergellus albellus&lt;br \/&gt;Helsinki\"\n               data-src=\"https:\/\/heikkihelin.fi\/WordPress3\/wp-content\/gallery\/most-recent-january-to-february-2026\/Z8A7538-copy1-copy.jpg\"\n               data-thumbnail=\"https:\/\/heikkihelin.fi\/WordPress3\/wp-content\/gallery\/most-recent-january-to-february-2026\/thumbs\/thumbs_Z8A7538-copy1-copy.jpg\"\n               data-image-id=\"8719\"\n               data-title=\"Z8A7538-copy1-copy\"\n               data-description=\"Smew - uivelo - Mergellus albellus&lt;br \/&gt;Helsinki\"\n               data-image-slug=\"z8a7538-copy1-copy\"\n               class='use_imagebrowser_effect' data-imagebrowser-url='https:\/\/heikkihelin.fi\/WordPress3\/index.php\/nggallery\/image\/%STUB%?page_id=26859'>\n                <img\n                    title=\"Z8A7538-copy1-copy\"\n                    alt=\"Z8A7538-copy1-copy\"\n                    src=\"https:\/\/heikkihelin.fi\/WordPress3\/wp-content\/gallery\/most-recent-january-to-february-2026\/thumbs\/thumbs_Z8A7538-copy1-copy.jpg\"\n                    width=\"91\"\n                    height=\"69\"\n                    style=\"max-width:100%;\"\n                \/>\n            <\/a>\n        <\/div>\n\t\t\t\t\t\t\t<\/div> \n\t\t\t\n        \n\t\t\t\t<div id=\"ngg-image-3\" class=\"ngg-gallery-thumbnail-box\" >\n\t\t\t\t        <div class=\"ngg-gallery-thumbnail\">\n            <a href=\"https:\/\/heikkihelin.fi\/WordPress3\/wp-content\/gallery\/most-recent-january-to-february-2026\/Z8A9275-copy.jpg\"\n               title=\"Blue tit - sinitiainen - Cyanistes caerulaeus&lt;br \/&gt;Orivesi\"\n               data-src=\"https:\/\/heikkihelin.fi\/WordPress3\/wp-content\/gallery\/most-recent-january-to-february-2026\/Z8A9275-copy.jpg\"\n               data-thumbnail=\"https:\/\/heikkihelin.fi\/WordPress3\/wp-content\/gallery\/most-recent-january-to-february-2026\/thumbs\/thumbs_Z8A9275-copy.jpg\"\n               data-image-id=\"8711\"\n               data-title=\"Z8A9275-copy\"\n               data-description=\"Blue tit - sinitiainen - Cyanistes caerulaeus&lt;br \/&gt;Orivesi\"\n               data-image-slug=\"z8a9275-copy\"\n               class='use_imagebrowser_effect' data-imagebrowser-url='https:\/\/heikkihelin.fi\/WordPress3\/index.php\/nggallery\/image\/%STUB%?page_id=26859'>\n                <img\n                    title=\"Z8A9275-copy\"\n                    alt=\"Z8A9275-copy\"\n                    src=\"https:\/\/heikkihelin.fi\/WordPress3\/wp-content\/gallery\/most-recent-january-to-february-2026\/thumbs\/thumbs_Z8A9275-copy.jpg\"\n                    width=\"91\"\n                    height=\"77\"\n                    style=\"max-width:100%;\"\n                \/>\n            <\/a>\n        <\/div>\n\t\t\t\t\t\t\t<\/div> \n\t\t\t\n        \n\t\t\t\t<div id=\"ngg-image-4\" class=\"ngg-gallery-thumbnail-box\" >\n\t\t\t\t        <div class=\"ngg-gallery-thumbnail\">\n            <a href=\"https:\/\/heikkihelin.fi\/WordPress3\/wp-content\/gallery\/most-recent-january-to-february-2026\/Z8A0517.jpg\"\n               title=\"Parrot crossbill - isok\u00e4pylintu&lt;br \/&gt;Helsinki\"\n               data-src=\"https:\/\/heikkihelin.fi\/WordPress3\/wp-content\/gallery\/most-recent-january-to-february-2026\/Z8A0517.jpg\"\n               data-thumbnail=\"https:\/\/heikkihelin.fi\/WordPress3\/wp-content\/gallery\/most-recent-january-to-february-2026\/thumbs\/thumbs_Z8A0517.jpg\"\n               data-image-id=\"8718\"\n               data-title=\"Z8A0517\"\n               data-description=\"Parrot crossbill - isok\u00e4pylintu&lt;br \/&gt;Helsinki\"\n               data-image-slug=\"z8a0517\"\n               class='use_imagebrowser_effect' data-imagebrowser-url='https:\/\/heikkihelin.fi\/WordPress3\/index.php\/nggallery\/image\/%STUB%?page_id=26859'>\n                <img\n                    title=\"Z8A0517\"\n                    alt=\"Z8A0517\"\n                    src=\"https:\/\/heikkihelin.fi\/WordPress3\/wp-content\/gallery\/most-recent-january-to-february-2026\/thumbs\/thumbs_Z8A0517.jpg\"\n                    width=\"91\"\n                    height=\"79\"\n                    style=\"max-width:100%;\"\n                \/>\n            <\/a>\n        <\/div>\n\t\t\t\t\t\t\t<\/div> \n\t\t\t\n        \n\t\t\t\t<div id=\"ngg-image-5\" class=\"ngg-gallery-thumbnail-box\" >\n\t\t\t\t        <div class=\"ngg-gallery-thumbnail\">\n            <a href=\"https:\/\/heikkihelin.fi\/WordPress3\/wp-content\/gallery\/most-recent-january-to-february-2026\/Z8A0199-copy.jpg\"\n               title=\"Parrot crossbill - isok\u00e4pylintu&lt;br \/&gt;Helsinki\"\n               data-src=\"https:\/\/heikkihelin.fi\/WordPress3\/wp-content\/gallery\/most-recent-january-to-february-2026\/Z8A0199-copy.jpg\"\n               data-thumbnail=\"https:\/\/heikkihelin.fi\/WordPress3\/wp-content\/gallery\/most-recent-january-to-february-2026\/thumbs\/thumbs_Z8A0199-copy.jpg\"\n               data-image-id=\"8716\"\n               data-title=\"Z8A0199-copy\"\n               data-description=\"Parrot crossbill - isok\u00e4pylintu&lt;br \/&gt;Helsinki\"\n               data-image-slug=\"z8a0199-copy\"\n               class='use_imagebrowser_effect' data-imagebrowser-url='https:\/\/heikkihelin.fi\/WordPress3\/index.php\/nggallery\/image\/%STUB%?page_id=26859'>\n                <img\n                    title=\"Z8A0199-copy\"\n                    alt=\"Z8A0199-copy\"\n                    src=\"https:\/\/heikkihelin.fi\/WordPress3\/wp-content\/gallery\/most-recent-january-to-february-2026\/thumbs\/thumbs_Z8A0199-copy.jpg\"\n                    width=\"91\"\n                    height=\"84\"\n                    style=\"max-width:100%;\"\n                \/>\n            <\/a>\n        <\/div>\n\t\t\t\t\t\t\t<\/div> \n\t\t\t\n        \n\t\t\t\t<div id=\"ngg-image-6\" class=\"ngg-gallery-thumbnail-box\" >\n\t\t\t\t        <div class=\"ngg-gallery-thumbnail\">\n            <a href=\"https:\/\/heikkihelin.fi\/WordPress3\/wp-content\/gallery\/most-recent-january-to-february-2026\/Z8A9999-copy2.jpg\"\n               title=\"Common kingfisher - kuningaskalastaja - Alcedo atthis&lt;br \/&gt;Helsinki\"\n               data-src=\"https:\/\/heikkihelin.fi\/WordPress3\/wp-content\/gallery\/most-recent-january-to-february-2026\/Z8A9999-copy2.jpg\"\n               data-thumbnail=\"https:\/\/heikkihelin.fi\/WordPress3\/wp-content\/gallery\/most-recent-january-to-february-2026\/thumbs\/thumbs_Z8A9999-copy2.jpg\"\n               data-image-id=\"8715\"\n               data-title=\"Z8A9999-copy2\"\n               data-description=\"Common kingfisher - kuningaskalastaja - Alcedo atthis&lt;br \/&gt;Helsinki\"\n               data-image-slug=\"z8a9999-copy2\"\n               class='use_imagebrowser_effect' data-imagebrowser-url='https:\/\/heikkihelin.fi\/WordPress3\/index.php\/nggallery\/image\/%STUB%?page_id=26859'>\n                <img\n                    title=\"Z8A9999-copy2\"\n                    alt=\"Z8A9999-copy2\"\n                    src=\"https:\/\/heikkihelin.fi\/WordPress3\/wp-content\/gallery\/most-recent-january-to-february-2026\/thumbs\/thumbs_Z8A9999-copy2.jpg\"\n                    width=\"91\"\n                    height=\"75\"\n                    style=\"max-width:100%;\"\n                \/>\n            <\/a>\n        <\/div>\n\t\t\t\t\t\t\t<\/div> \n\t\t\t\n        \n\t\t\t\t<div id=\"ngg-image-7\" class=\"ngg-gallery-thumbnail-box\" >\n\t\t\t\t        <div class=\"ngg-gallery-thumbnail\">\n            <a href=\"https:\/\/heikkihelin.fi\/WordPress3\/wp-content\/gallery\/most-recent-january-to-february-2026\/Z8A9749-copy3-copy.jpg\"\n               title=\"Common kingfisher - kuningaskalastaja - Alcedo atthis&lt;br \/&gt;Helsinki\"\n               data-src=\"https:\/\/heikkihelin.fi\/WordPress3\/wp-content\/gallery\/most-recent-january-to-february-2026\/Z8A9749-copy3-copy.jpg\"\n               data-thumbnail=\"https:\/\/heikkihelin.fi\/WordPress3\/wp-content\/gallery\/most-recent-january-to-february-2026\/thumbs\/thumbs_Z8A9749-copy3-copy.jpg\"\n               data-image-id=\"8713\"\n               data-title=\"Z8A9749-copy3-copy\"\n               data-description=\"Common kingfisher - kuningaskalastaja - Alcedo atthis&lt;br \/&gt;Helsinki\"\n               data-image-slug=\"z8a9749-copy3-copy\"\n               class='use_imagebrowser_effect' data-imagebrowser-url='https:\/\/heikkihelin.fi\/WordPress3\/index.php\/nggallery\/image\/%STUB%?page_id=26859'>\n                <img\n                    title=\"Z8A9749-copy3-copy\"\n                    alt=\"Z8A9749-copy3-copy\"\n                    src=\"https:\/\/heikkihelin.fi\/WordPress3\/wp-content\/gallery\/most-recent-january-to-february-2026\/thumbs\/thumbs_Z8A9749-copy3-copy.jpg\"\n                    width=\"91\"\n                    height=\"73\"\n                    style=\"max-width:100%;\"\n                \/>\n            <\/a>\n        <\/div>\n\t\t\t\t\t\t\t<\/div> \n\t\t\t\n        \n\t\t\t\t<div id=\"ngg-image-8\" class=\"ngg-gallery-thumbnail-box\" >\n\t\t\t\t        <div class=\"ngg-gallery-thumbnail\">\n            <a href=\"https:\/\/heikkihelin.fi\/WordPress3\/wp-content\/gallery\/most-recent-january-to-february-2026\/Z8A7910-copy1.jpg\"\n               title=\"Central Helsinki from T\u00f6\u00f6l\u00f6 Bay\"\n               data-src=\"https:\/\/heikkihelin.fi\/WordPress3\/wp-content\/gallery\/most-recent-january-to-february-2026\/Z8A7910-copy1.jpg\"\n               data-thumbnail=\"https:\/\/heikkihelin.fi\/WordPress3\/wp-content\/gallery\/most-recent-january-to-february-2026\/thumbs\/thumbs_Z8A7910-copy1.jpg\"\n               data-image-id=\"8717\"\n               data-title=\"Z8A7910-copy1\"\n               data-description=\"Central Helsinki from T\u00f6\u00f6l\u00f6 Bay\"\n               data-image-slug=\"z8a7910-copy1\"\n               class='use_imagebrowser_effect' data-imagebrowser-url='https:\/\/heikkihelin.fi\/WordPress3\/index.php\/nggallery\/image\/%STUB%?page_id=26859'>\n                <img\n                    title=\"Z8A7910-copy1\"\n                    alt=\"Z8A7910-copy1\"\n                    src=\"https:\/\/heikkihelin.fi\/WordPress3\/wp-content\/gallery\/most-recent-january-to-february-2026\/thumbs\/thumbs_Z8A7910-copy1.jpg\"\n                    width=\"91\"\n                    height=\"71\"\n                    style=\"max-width:100%;\"\n                \/>\n            <\/a>\n        <\/div>\n\t\t\t\t\t\t\t<\/div> \n\t\t\t\n        \n\t\t\t\t<div id=\"ngg-image-9\" class=\"ngg-gallery-thumbnail-box\" >\n\t\t\t\t        <div class=\"ngg-gallery-thumbnail\">\n            <a href=\"https:\/\/heikkihelin.fi\/WordPress3\/wp-content\/gallery\/most-recent-january-to-february-2026\/Z8A9599-copy-3.jpg\"\n               title=\"Kalasatama sky scrapers\"\n               data-src=\"https:\/\/heikkihelin.fi\/WordPress3\/wp-content\/gallery\/most-recent-january-to-february-2026\/Z8A9599-copy-3.jpg\"\n               data-thumbnail=\"https:\/\/heikkihelin.fi\/WordPress3\/wp-content\/gallery\/most-recent-january-to-february-2026\/thumbs\/thumbs_Z8A9599-copy-3.jpg\"\n               data-image-id=\"8720\"\n               data-title=\"Z8A9599-copy-3\"\n               data-description=\"Kalasatama sky scrapers\"\n               data-image-slug=\"z8a9599-copy-3\"\n               class='use_imagebrowser_effect' data-imagebrowser-url='https:\/\/heikkihelin.fi\/WordPress3\/index.php\/nggallery\/image\/%STUB%?page_id=26859'>\n                <img\n                    title=\"Z8A9599-copy-3\"\n                    alt=\"Z8A9599-copy-3\"\n                    src=\"https:\/\/heikkihelin.fi\/WordPress3\/wp-content\/gallery\/most-recent-january-to-february-2026\/thumbs\/thumbs_Z8A9599-copy-3.jpg\"\n                    width=\"91\"\n                    height=\"65\"\n                    style=\"max-width:100%;\"\n                \/>\n            <\/a>\n        <\/div>\n\t\t\t\t\t\t\t<\/div> \n\t\t\t\n        \n\t\t\n\t\t<div class=\"ngg-clear\"><\/div>\n\t<\/div>\n\n","protected":false},"excerpt":{"rendered":"","protected":false},"author":1,"featured_media":0,"parent":0,"menu_order":0,"comment_status":"closed","ping_status":"closed","template":"","meta":{"ngg_post_thumbnail":0,"footnotes":"","_links_to":"","_links_to_target":""},"_links":{"self":[{"href":"https:\/\/heikkihelin.fi\/WordPress3\/index.php?rest_route=\/wp\/v2\/pages\/26859"}],"collection":[{"href":"https:\/\/heikkihelin.fi\/WordPress3\/index.php?rest_route=\/wp\/v2\/pages"}],"about":[{"href":"https:\/\/heikkihelin.fi\/WordPress3\/index.php?rest_route=\/wp\/v2\/types\/page"}],"author":[{"embeddable":true,"href":"https:\/\/heikkihelin.fi\/WordPress3\/index.php?rest_route=\/wp\/v2\/users\/1"}],"replies":[{"embeddable":true,"href":"https:\/\/heikkihelin.fi\/WordPress3\/index.php?rest_route=%2Fwp%2Fv2%2Fcomments&post=26859"}],"version-history":[{"count":1,"href":"https:\/\/heikkihelin.fi\/WordPress3\/index.php?rest_route=\/wp\/v2\/pages\/26859\/revisions"}],"predecessor-version":[{"id":26860,"href":"https:\/\/heikkihelin.fi\/WordPress3\/index.php?rest_route=\/wp\/v2\/pages\/26859\/revisions\/26860"}],"wp:attachment":[{"href":"https:\/\/heikkihelin.fi\/WordPress3\/index.php?rest_route=%2Fwp%2Fv2%2Fmedia&parent=26859"}],"curies":[{"name":"wp","href":"https:\/\/api.w.org\/{rel}","templated":true}]}}